 s is divided by 22.
13
Let g = -204 - -294. Suppose g = t + 4*t. Calculate the remainder when 70 - 2 - 0/(-1) is divided by t.
14
Suppose -3*b + 5*b - 22 = 0. Let y(f) = 7*f + 128. Calculate the remainder when y(-9) is divided by b.
10
Suppose -4*h = -5*i + 455, 16*h = 11*h. What is the remainder when i is divided by 12?
7
Let z be 2/(-3) - 5/((-15)/2). Suppose z = -7*n + 5*n. Suppose t + t - 20 = n. What is the remainder when 39 is divided by t?
9
Let l(r) = 35*r - 643. What is the remainder when l(22) is divided by 22?
17
Suppose 37*k = -164*k + 4195 + 2438. Calculate the remainder when 2935 is divided by k.
31
Let h(z) = -z**3 - 14*z - 53. Calculate the remainder when 1375 is divided by h(-3).
15
Suppose 3*h - 5*o = 25, h - 2*h + 9 = -2*o. Suppose 0 = -h*u - 5, -20*l = -25*l + u + 166. Let a(t) = 65*t. Calculate the remainder when a(2) is divided by l.
31
Suppose -27708 = -8*x - 2900. What is the remainder when x is divided by 66?
65
Suppose 3810 = 444*s - 190*s. Let o = -224 + 111. Let t = -54 - o. Calculate the remainder when t is divided by s.
14
Suppose -1852*w - 1817*w + 630 = -3564*w. Let c be (-1)/2 + (-93)/(-2). What is the remainder when (2 + -4)*c/(-4) is divided by w?
5
Suppose 27*k - 105 - 138 = 0. What is the remainder when 117 is divided by k?
0
Let c(b) = b**3 + 8*b**2 - 8*b + 14. Let s be c(-9). Suppose 5*i - 8 - 66 = -u, 6 = -i + s*u. What is the remainder when 13 is divided by ((-35)/i)/((-2)/4)?
3
Let d = 1304 + -1298. Suppose 7*b + 20 = 69. Calculate the remainder when b is divided by d.
1
Suppose -158*h + 4557 = -127*h. Calculate the remainder when 449 is divided by h.
8
What is the remainder when 358 is divided by (-5975)/(-40) - 30/80?
60
Let d = 3629 - 3614. Calculate the remainder when 1301 is divided by d.
11
Let h be 2/(-13) - ((-1970)/130 + 6). Let u(q) = 5*q - 39. What is the remainder when 52 is divided by u(h)?
4
Let j = 8727 + -8717. Calculate the remainder when 454 is divided by j.
4
Let q = 395 + -47. Suppose -q - 695 = -7*p. Calculate the remainder when p is divided by 26.
19
Let h(w) = 20*w + 161. Let x be h(20). What is the remainder when (-2)/(8/(-122))*2 is divided by ((-17)/(x/22))/(2/(-21))?
5
Let n(d) = d**2 - 10*d - 46. Let k(a) = -34*a + 223. What is the remainder when k(5) is divided by n(-5)?
24
Suppose -30234 = -49*s - 6077. Calculate the remainder when s is divided by 33.
31
Let n = 11 - 6. Let k = -9949 - -9956. Suppose -d + z = 0, 0 = -4*d + n*z + 2 - k. Calculate the remainder when 52 is divided by d.
2
Let r(p) = 5*p**2 + 35*p + 130. Let q = -35 + 75. What is the remainder when r(-4) is divided by q?
30
Let o(h) = 10*h - 50. Let b = -251 - -166. Let u = -46 - b. What is the remainder when u is divided by o(7)?
19
Suppose 2*d - n - 489 = -237, -d + 140 = -4*n. Let s = 17 + -1. What is the remainder when d is divided by s?
12
Let p be (11 + -5)/2 - -155. Suppose 3*f - 31 - p = 0. Calculate the remainder when f is divided by 13.
11
Let a = -361 - 174. Let g = -487 - a. What is the remainder when g is divided by 23?
2
Let m(p) = 7*p + 95. Let u = 163 - 170. Calculate the remainder when m(u) is divided by 22.
2
Let f(u) be the second derivative of -u**4/4 + 41*u**3/2 - 33*u**2 + 148*u. Calculate the remainder when 755 is divided by f(40).
53
What is the remainder when (1/(-3))/((8 + -18)/18420) is divided by 115?
39
Let x(i) be the third derivative of i**4/24 + 2*i**3/3 - 64*i**2. Calculate the remainder when 17 is divided by x(6).
7
Suppose -2585 = -54*u + 11725. What is the remainder when u is divided by 14?
13
Suppose -103*c = -97*c - 72. Suppose 620*v - 619*v - c = 0. What is the remainder when 191 is divided by v?
11
Let v(h) = h**2 + 21*h - 26*h + h**3 + 13*h**2 + 33 + 23*h. What is the remainder when v(-12) is divided by 53?
52
Let x(g) = 4*g**2 + 29*g + 28*g + 5 - 98*g - 2*g**3 + 34*g. Let q be x(3). Let d = q + 47. Calculate the remainder when 77 is divided by d.
12
Suppose -5*a + 13971 = -r, -r + 2799 = 7*a - 6*a. Suppose 104*k = 109*k - a. What is the remainder when k is divided by 51?
49
Suppose -121*k = -21931 + 7290. What is the remainder when 194 is divided by k?
73
Let g(q) = 676*q + 18. Let h be g(1). Let m = -123 + h. What is the remainder when m is divided by 13?
12
Let z be -3 - 8/((-80)/(-9250)). Let c = z - -941. What is the remainder when 37 is divided by c?
11
Suppose -29*i + 45*i = 1872. Suppose -r = 21*r - 374. What is the remainder when i is divided by r?
15
Suppose -9 = t - 4*j - 44, -33 = -t + 3*j. Calculate the remainder when 942 is divided by t.
24
What is the remainder when (-9)/99 - (-6744)/11 is divided by 103?
98
Suppose -94*l + 170*l - 55784 = 0. What is the remainder when 1470 is divided by l?
2
Let o be 2/7 - (-718)/(-14). Let n = -12 - o. What is the remainder when n is divided by 120/(-32)*(3/2)/((-18)/32)?
9
Let l(r) = -73*r**2 + 2086*r - 50. Calculate the remainder when l(28) is divided by 24.
22
Suppose 0 = -60284*y + 60270*y + 812. Let r = 16 - 0. Calculate the remainder when y is divided by r.
10
Suppose -577 = -7*z - 213. What is the remainder when 291 is divided by (-586)/(-8) - 13/z?
72
Let p be (-2 - -3)*(2 + 2). Suppose -4*c - p*v + 1252 = 0, c - 4*c - v + 949 = 0. Calculate the remainder when c is divided by 29.
28
Let z(q) = 2308*q**3 - 6*q**2 - 18*q + 24. Calculate the remainder when z(1) is divided by 765.
13
Suppose -3*s = -2*a - 213, -4*s + 5*a - 132 + 416 = 0. Suppose c = 4 + 7, -1529 + 4666 = 3*r - 5*c. Calculate the remainder when r is divided by s.
70
Suppose -14*c = -29*c - 90. Let m(j) = 20*j + 226. Calculate the remainder when m(c) is divided by 12.
10
Suppose 5*l = 5*g + 1160, -3*g - 24 = -18. What is the remainder when l is divided by 7?
6
Let p be (5 - 2)/3*-1. Let n(l) = -38*l**3 + 2*l + 1. Let g be n(p). Suppose 3*v + g + 25 = o, 3*v = -15. What is the remainder when o is divided by 16?
15
Suppose 4*h = 3*h + 2*p + 17, -3*p = -h + 18. What is the remainder when 41 is divided by ((-5)/h - -2)*63/35?
2
Suppose -5*i + 3*g = g, 2*g - 12 = -i. Suppose a + i*a - 280 = -4*h, 5*h - 5*a - 350 = 0. Let m(z) = -z + 6. What is the remainder when h is divided by m(-12)?
16
Let l(t) = t**3 + 9*t**2 - 25*t - 41. Let x be l(-11). What is the remainder when 64 is divided by x/48*-2 + (-110)/(-3)?
27
Let w be 225/30*(1/(-3) + 1). Let f be (-1 - -1)/(1 + 0). Suppose 5*o - w = -f*o. What is the remainder when 1 is divided by o?
0
Suppose -139*z + 3995 + 7526 = -2657. What is the remainder when 680 is divided by z?
68
Suppose -13*l + 150 = -7*l. Calculate the remainder when l is divided by -1 + (12/6)/((-8)/(-44)).
5
Let g = 28 + -25. Suppose 0*d + 5*k - 23 = -g*d, 2*d - 4*k - 30 = 0. Calculate the remainder when (-44)/286 + (-691)/(-13) is divided by d.
9
Suppose 4*b + 368 = -0*b. Let c = 109 + b. What is the remainder when 117 is divided by c?
15
Suppose -3*d + 0*d = 0, 0 = -4*y - d + 20. Calculate the remainder when 75 is divided by (y - 9) + 12 + 16.
3
Suppose 0 = -s + 27 - 26, 18869 = 3*b - 4*s. What is the remainder when b is divided by 44?
43
Let d = -384 - -214. Let l = d + 285. What is the remainder when l is divided by 39?
37
Let x(d) = -31*d - 234. Let v be x(-8). What is the remainder when 289 is divided by v/(-6)*270/(-15)?
37
Suppose i - 4*i + 8 = 4*j, 0 = 3*i - j + 2. Calculate the remainder when 3 - -20 - (0/6 + i) is divided by 11.
1
What is the remainder when ((-27459)/972)/(2/(-40)) is divided by 74?
47
Let s = -63 + 160. Suppose c = -s + 100. Suppose -3*x = 12, c*x - x = 5*z - 203. Calculate the remainder when 151 is divided by z.
34
Suppose 5*i = 26*w - 21*w - 70, 5*i = w - 6. What is the remainder when 287 is divided by w?
15
Suppose -u + 22 = -4*z, z = 3*u + 6*z - 100. Suppose -4*q + u = q. Calculate the remainder when (5/(-2))/((-10)/40) is divided by q.
4
Let x(o) = 626*o - 53. What is the remainder when x(6) is divided by 11?
7
Suppose -36*m - 240 = -3*r - 34*m, -7*m - 389 = -5*r. What is the remainder when r is divided by 1/4 - (-67)/4?
14
Suppose -2*h + 188 = 2*h. Let x(a) = -4*a - 7. Let s(d) = 5*d + 8. Let l(m) = 3*s(m) + 4*x(m). What is the remainder when h is divided by l(-16)?
11
Suppose 16*y - 6198 = 78234. What is the remainder when y is divided by 13?
12
Let y be 1*(2 + -3 + 2). Let m = 8 - y. Calculate the